 List the prime factors of k.
2, 3
Let v = 1 + 0. Suppose -g - 2*x = -9, -g + 10 = 3*x + v. What are the prime factors of g?
3
Suppose 5*r - 13 = -3. Suppose -4*v - 5*s - 2 + 22 = 0, -v = r*s - 5. List the prime factors of v.
5
Let j(g) = -40*g + 1. Let c be j(3). Let h = c - -175. Suppose -p = 4*f - 52, 4*f + 5*p = 3*p + h. List the prime factors of f.
2, 3
Suppose -5*t + 3 = 63. Let m = 24 + t. What are the prime factors of m?
2, 3
Let d(r) = r - 1. Let o be d(-11). What are the prime factors of (2 + -5)/(2/o)?
2, 3
Let r = -160 - -261. What are the prime factors of r?
101
Let q(l) = 4*l - 38. What are the prime factors of q(18)?
2, 17
What are the prime factors of (-77 - -5)*(0 + -2)?
2, 3
What are the prime factors of 1 + -404*1/(-4)?
2, 3, 17
Let d = -1 - -25. List the prime factors of (-11)/(-2) - d/16.
2
Suppose -2*y = -2*d - 40, -6 = -2*y - 5*d + 6. Suppose -3*j - 4 = -y. Suppose -j*q = -0*n + n - 2, -3*n + 23 = -5*q. List the prime factors of n.
2, 3
Let j(i) = 3*i - 3*i - i**3 - 3*i**2 + 4. Let o be j(-3). Suppose -4*g = o, 2*a + g - 22 = 1. List the prime factors of a.
2, 3
Suppose 3*g + 161 - 19 = 5*x, 0 = x + 4*g - 33. Let n = -7 + x. List the prime factors of n.
2, 11
Let j(r) = -r**2 + 13*r + 3. Let y be 1*(1 - 1 - -13). List the prime factors of j(y).
3
Let c = 10 + 43. Suppose 5*r = 10*r - 20. Suppose r*h - c = 3. What are the prime factors of h?
2, 7
Let h(g) = 3*g**2 - 44*g + 3. List the prime factors of h(18).
3, 61
Let c(y) = -y + 5. Let v be c(3). Let b = v + 0. What are the prime factors of 7/b*(-4)/(-2)?
7
Let z(i) = -2*i**3 - i**2 + 1. Let u be z(2). Let n = u - -29. What are the prime factors of n?
2, 5
Let w = 19 + -14. Let n = -1 + w. What are the prime factors of n?
2
Let j = -290 - -685. List the prime factors of j.
5, 79
Suppose 5*p - 16 = -3*n, -1 = -4*n + 7. What are the prime factors of p?
2
Suppose -4*n = -7*n. Suppose 4*t + 4*d - 132 = 0, -5*t = -n*d + 2*d - 156. List the prime factors of t.
2, 3, 5
Let h = 0 + -2. Let q = h - -3. Suppose q + 7 = 2*s. List the prime factors of s.
2
Let a = 43 + -27. What are the prime factors of a?
2
Let n be 10/4*(-1 + 3). Suppose n*q = 5*j + 63 - 8, 5*j - 35 = -q. List the prime factors of q.
3, 5
Suppose 41 = 5*b - 79. Suppose 4*v = 4 + b. List the prime factors of v.
7
Let t = 6 + -12. What are the prime factors of 6 - -1 - (-7 - t)?
2
Let u = -22 + 124. List the prime factors of u.
2, 3, 17
What are the prime factors of 168/18*42/4?
2, 7
Let r be ((-27 - -1)/2)/(-1). Suppose -29 = 4*c + v, -4*v - 38 = 3*c - 0*v. Let k = c + r. List the prime factors of k.
7
Suppose 0 = -2*k - 9 + 37. Suppose -2*q = 1 - 3. Suppose 42 = 5*n - l - q, 0 = -n + 2*l + k. What are the prime factors of n?
2
Let w(n) = n**2 + 13*n - 10. Let k be w(-14). Suppose -38 = -5*i + 4*x + 47, k*x = 4*i - 72. List the prime factors of i.
13
Let t(k) = -2*k - 6. Let s be t(5). What are the prime factors of -2 + (-1 - (0 + s))?
13
Suppose a + 2*f = 34, 5*a = -4*f + 227 - 81. Suppose 82 = 2*o + a. Suppose o = 3*t - 8. What are the prime factors of t?
2, 3
Let w(p) = p + 11. List the prime factors of w(6).
17
Suppose 0*g - 21 = -3*g. Let h(l) = -l**3 - 4 - 2 + 1 - g*l**2 - l. List the prime factors of h(-7).
2
Let y = -60 + 85. List the prime factors of y.
5
Suppose h = -3*h + 20. Let q(s) = 29*s + 1. Let c be q(1). Suppose 35 = h*o - c. List the prime factors of o.
13
Let s = -11 + 15. Suppose 0*f - 3*f = 3*y - 117, -2*y + 80 = s*f. What are the prime factors of y?
2, 19
Let i be (-3)/(-18) - 1615/(-30). Let r = 82 - i. List the prime factors of r.
2, 7
Let x(m) = 36*m**2 + 1. List the prime factors of x(-1).
37
Suppose -7 = -2*s - 37. Let t(x) = x**3 + 3*x + 3. Let y be t(-2). Let d = y - s. List the prime factors of d.
2
Let m(y) = 5*y. Let l be m(6). Suppose -4*v + 2*p = -l, -p + 27 = 3*v - 4*p. What are the prime factors of (4 - 4) + v + 0?
2, 3
Let k be (2/4)/(2/84). What are the prime factors of 4*(-3)/(-4) + k?
2, 3
Let p(q) = q + 29. What are the prime factors of p(-8)?
3, 7
Let f(k) = -k**2 - k + 22. List the prime factors of f(0).
2, 11
Let w = -5 - -12. Let h = -3 - w. List the prime factors of (-86)/h - (-6)/(-10).
2
Let w(x) be the second derivative of x**5/60 + x**4/8 + x**2/2 + 2*x. Let i(v) be the first derivative of w(v). List the prime factors of i(-5).
2, 5
Let a(h) = -3*h**3 - 14*h**2 + 5*h + 15. What are the prime factors of a(-6)?
3, 43
Let z(c) = c**2 + 7*c + 12. Let y be (1/(-2))/(6/96). List the prime factors of z(y).
2, 5
Suppose u = 2*u. Suppose 5*v - 10 = u, -5*g - 5*v - 45 = -10*v. Let w(c) = -3*c - 9. List the prime factors of w(g).
2, 3
List the prime factors of 1936/33 - (-2)/6.
59
Let w(i) = 51*i + 19. What are the prime factors of w(6)?
5, 13
Let y = -32 - -57. Suppose 30 = 4*h - 2*b, -7*b + 2*b = -y. What are the prime factors of h?
2, 5
Let y = 2 - 4. Let n be (y/(-3) - 1)*-6. Suppose -9 = -q - g, -2*q + 33 = -n*g + 3. List the prime factors of q.
2, 3
Let f = 5 - 4. Let v be (f + -1)/(-2 - -4). Let j = 4 + v. What are the prime factors of j?
2
Let m = -5 + 11. Suppose 0 = 3*n - 2*u - 19, n - m*n - 4*u = 5. What are the prime factors of n?
3
Suppose 0 = -5*w - 130 - 35. Let i(n) = -2*n - 29. Let s be i(10). Let m = w - s. What are the prime factors of m?
2
Let y(v) = v**2 + 6*v - 1. Let s be y(-6). Let h = 1 - s. What are the prime factors of h?
2
Let v(b) = 0 + 0 + b + 1 + 2. Let g = 1 - -6. What are the prime factors of v(g)?
2, 5
Suppose -2*w = 3*b - 77 + 252, -5*w + 47 = -b. List the prime factors of (3 - 6)*b/9.
19
Let a = -9 + 6. List the prime factors of (2 - 3)/(a/21).
7
Suppose 0 = 5*i - 20, 2*n + n - 2*i = 37. Suppose 2*a - a = -3*c + n, -a - 4*c + 18 = 0. Suppose v - a*v = -30. What are the prime factors of v?
2, 3
Let f be (-2)/(-7) + 4/(-14). Suppose 0 = n - 3 - f, 5*k + 2*n = 51. List the prime factors of k.
3
Let k = -6 + 8. Suppose 0 = 2*i + k*i. Suppose 3*v = 2*q + 16, i = -v + 7*q - 2*q - 12. What are the prime factors of v?
2
Let g be 27*(-2 + (-21)/(-9)). Suppose -4*y + 19 = -n, -4*n + 10 + g = 3*y. Suppose -5*c - 3*v + y = -c, 4 = -4*v. What are the prime factors of c?
2
Let s = -4 - -12. List the prime factors of s.
2
Suppose i - 122 = f, -i - f + 59 = -65. What are the prime factors of i?
3, 41
Let c = -2 + -13. Let l = c - -10. Let x(h) = -h + 3. What are the prime factors of x(l)?
2
What are the prime factors of 0 + 3 + -3 + 34?
2, 17
Let d = -3 - 18. Let m = -34 - d. Let i = m - -19. What are the prime factors of i?
2, 3
Let j(a) = a**2 - 7*a + 9. Let z be 12*(-1 + (-9)/(-6)). List the prime factors of j(z).
3
Let p(i) = i**2 - i - 2. Let d be p(-5). Let y be (-4)/(-14) + (-120)/d. List the prime factors of (y/6)/((-2)/15).
5
Suppose 4*i - 7 = -z - 4*z, -5*i = -5*z + 25. Suppose -2*v = -z*v - 5*w - 21, 5*w + 69 = -4*v. Let o = -6 - v. What are the prime factors of o?
2, 5
Suppose 5*l + 27 = 2, 3*l = m - 45. List the prime factors of m.
2, 3, 5
Let i = 56 + -31. What are the prime factors of i?
5
Let o = 51 + -33. List the prime factors of o.
2, 3
Let p(x) = x**2. Let t be 12/(-10)*(-20)/6. Let m be p(t). Suppose -4*w + m = -0*w. What are the prime factors of w?
2
Suppose -191 = -5*x - 86. List the prime factors of x.
3, 7
Suppose 0 = -3*z + 10 - 1. What are the prime factors of z + 1 + 44 + 0?
2, 3
Let r(j) = -j + 1. Let u be r(-3). Suppose 24 = -0*p + u*p. What are the prime factors of p?
2, 3
Let f be ((-33)/5)/((-3)/15). Suppose -5*q - f = 7. Let d = -5 - q. List the prime factors of d.
3
Let p(h) = -2*h - 11. Let a be p(-15). Suppose -29 - a = -4*q. List the prime factors of q.
2, 3
Let h(a) be the second derivative of a**7/840 + a**5/120 + 3*a**4/8 - a**3/3 - a. Let t(l) be the second derivative of h(l). List the prime factors of t(0).
3
Suppose -5*c = -2*c - 45. Suppose -q + c = -0. What are the prime factors of q?
3, 5
Let g be (-146)/6 - (-4)/(-6). Let t = g - -44. Suppose -4*a = -33 - t. What are the prime factors of a?
13
Let s(k) = 6*k - 3. Let f be s(2). Let y = f - 2. List the prime factors of y.
7
Let a(j) = j**2 + 3*j + 2 + 0*j - 6. What are the prime factors of a(4)?
2, 3
Suppose 4 = -2*b - 0*b. Let p = b + 6. List the prime factors of (-18)/p*(-10)/3.
3, 5
Suppose -6 = 3*l + 6. Let q(v) = 5*v + 3. Let c(b) = -6*b - 2. Let u(z